{"id":15729,"date":"2021-09-23T17:14:38","date_gmt":"2021-09-23T21:14:38","guid":{"rendered":"https:\/\/pnts.org\/new\/?page_id=15729"},"modified":"2021-09-23T18:44:12","modified_gmt":"2021-09-23T22:44:12","slug":"shandiin-nez","status":"publish","type":"page","link":"https:\/\/pnts.org\/new\/shandiin-nez\/","title":{"rendered":"Shandiin Nez"},"content":{"rendered":"<p><img loading=\"lazy\" class=\"wp-image-15730 alignleft\" src=\"https:\/\/pnts.org\/new\/wp-content\/uploads\/2021\/09\/48706849333_25eeac7a6d_k.jpg\" alt=\"\" width=\"546\" height=\"364\" srcset=\"https:\/\/pnts.org\/new\/wp-content\/uploads\/2021\/09\/48706849333_25eeac7a6d_k.jpg 2048w, https:\/\/pnts.org\/new\/wp-content\/uploads\/2021\/09\/48706849333_25eeac7a6d_k-300x200.jpg 300w, https:\/\/pnts.org\/new\/wp-content\/uploads\/2021\/09\/48706849333_25eeac7a6d_k-1024x683.jpg 1024w, https:\/\/pnts.org\/new\/wp-content\/uploads\/2021\/09\/48706849333_25eeac7a6d_k-768x512.jpg 768w, https:\/\/pnts.org\/new\/wp-content\/uploads\/2021\/09\/48706849333_25eeac7a6d_k-1536x1024.jpg 1536w, https:\/\/pnts.org\/new\/wp-content\/uploads\/2021\/09\/48706849333_25eeac7a6d_k-640x427.jpg 640w, https:\/\/pnts.org\/new\/wp-content\/uploads\/2021\/09\/48706849333_25eeac7a6d_k-150x100.jpg 150w\" sizes=\"(max-width: 546px) 100vw, 546px\" \/>Sh\u00ed \u00e9\u00ed Shandiin Nizhoni Nez yinishy\u00e9 Hash\u0142&#8217;ishnii nish\u0142\u012f\u0301 Naashaashi bashishchiin T\u00e1chii&#8217;nii dashicheii Kinyaa&#8217;\u00e1anii dashinal\u00ed. My name is Shandiin, I am Mud clan, born for Bear clan originating from Toadlena, NM. My work in conservation started in 2013 as a crew member then a crew leader and in the following years I worked with different programs in Colorado, New Mexico and Washington. I have worked on trails for much of my conservation experience and dabbled in dry stone masonry. While working in the private sector, there was a lack of community and indigenous involvement. Time and time again, the sacred geography of Dinetah called me back to the stronghold, ultimately leading myself to the Din\u00e9 Program Coordinator, then Program Manager, and now Associate Director position in Ancestral Lands Navajo office.<\/p>\n<p><img loading=\"lazy\" class=\"wp-image-15494 alignleft\" src=\"https:\/\/pnts.org\/new\/wp-content\/uploads\/2021\/08\/email.jpg\" alt=\"\" width=\"21\" height=\"21\" srcset=\"https:\/\/pnts.org\/new\/wp-content\/uploads\/2021\/08\/email.jpg 96w, https:\/\/pnts.org\/new\/wp-content\/uploads\/2021\/08\/email-75x75.jpg 75w\" sizes=\"(max-width: 21px) 100vw, 21px\" \/>snez@conservationlegacy.org<\/p>\n<p><a href=\"https:\/\/www.aianta.org\"><img loading=\"lazy\" class=\"wp-image-15495 alignleft\" src=\"https:\/\/pnts.org\/new\/wp-content\/uploads\/2021\/08\/website.jpg\" alt=\"\" width=\"30\" height=\"30\" srcset=\"https:\/\/pnts.org\/new\/wp-content\/uploads\/2021\/08\/website.jpg 96w, https:\/\/pnts.org\/new\/wp-content\/uploads\/2021\/08\/website-75x75.jpg 75w\" sizes=\"(max-width: 30px) 100vw, 30px\" \/><\/a><a href=\"http:\/\/ancestrallands.org\">ancestrallands.org<\/a><\/p>\n<p><a href=\"http:\/\/ancestrallands.org\"><img loading=\"lazy\" class=\"alignnone wp-image-15402\" src=\"https:\/\/pnts.org\/new\/wp-content\/uploads\/2021\/08\/Ancestral-Lands-Conservation-Corps-Logo.jpeg\" alt=\"\" width=\"141\" height=\"141\" srcset=\"https:\/\/pnts.org\/new\/wp-content\/uploads\/2021\/08\/Ancestral-Lands-Conservation-Corps-Logo.jpeg 200w, https:\/\/pnts.org\/new\/wp-content\/uploads\/2021\/08\/Ancestral-Lands-Conservation-Corps-Logo-150x150.jpeg 150w, https:\/\/pnts.org\/new\/wp-content\/uploads\/2021\/08\/Ancestral-Lands-Conservation-Corps-Logo-100x100.jpeg 100w, https:\/\/pnts.org\/new\/wp-content\/uploads\/2021\/08\/Ancestral-Lands-Conservation-Corps-Logo-75x75.jpeg 75w\" sizes=\"(max-width: 141px) 100vw, 141px\" \/><\/a><\/p>\n","protected":false},"excerpt":{"rendered":"<p>Sh\u00ed \u00e9\u00ed Shandiin Nizhoni Nez yinishy\u00e9 Hash\u0142&#8217;ishnii nish\u0142\u012f\u0301 Naashaashi bashishchiin T\u00e1chii&#8217;nii dashicheii Kinyaa&#8217;\u00e1anii dashinal\u00ed. My name is Shandiin, I am Mud clan, born for Bear clan originating from Toadlena, NM. My work in conservation started in 2013 as a crew member then a crew leader&hellip; <\/p>\n<div class=\"button right\"><a class=\"button more-link\" href=\"https:\/\/pnts.org\/new\/shandiin-nez\/\">more &raquo;<\/a><\/div>\n","protected":false},"author":952,"featured_media":0,"parent":0,"menu_order":0,"comment_status":"closed","ping_status":"closed","template":"","meta":[],"acf":[],"_links":{"self":[{"href":"https:\/\/pnts.org\/new\/wp-json\/wp\/v2\/pages\/15729"}],"collection":[{"href":"https:\/\/pnts.org\/new\/wp-json\/wp\/v2\/pages"}],"about":[{"href":"https:\/\/pnts.org\/new\/wp-json\/wp\/v2\/types\/page"}],"author":[{"embeddable":true,"href":"https:\/\/pnts.org\/new\/wp-json\/wp\/v2\/users\/952"}],"replies":[{"embeddable":true,"href":"https:\/\/pnts.org\/new\/wp-json\/wp\/v2\/comments?post=15729"}],"version-history":[{"count":4,"href":"https:\/\/pnts.org\/new\/wp-json\/wp\/v2\/pages\/15729\/revisions"}],"predecessor-version":[{"id":15749,"href":"https:\/\/pnts.org\/new\/wp-json\/wp\/v2\/pages\/15729\/revisions\/15749"}],"wp:attachment":[{"href":"https:\/\/pnts.org\/new\/wp-json\/wp\/v2\/media?parent=15729"}],"curies":[{"name":"wp","href":"https:\/\/api.w.org\/{rel}","templated":true}]}}